pose 5*a - 3 = -q + 11, 3*a = 4*q - 10. Let y(t) = 3*t**2 - 2*t. Let b be y(a). Let j be (-1)/2*(-32)/b. Calculate the greatest common factor of 2 and j.
2
Let j(g) = -g - 40. Let c(f) = -f - 40. Let x(q) = -3*c(q) + 2*j(q). Let r be x(0). Calculate the highest common factor of r and 10.
10
Let w = 53 - 37. Suppose 4*v = 3*p - 480, -130 - 350 = -3*p + 2*v. Let y = p - 96. Calculate the highest common divisor of y and w.
16
Let j(t) = 12*t - 6. Let f = -2 + 6. Let y = 8 - f. Let x be j(y). Calculate the greatest common divisor of 28 and x.
14
Let b be -3*48*(6 - 7). Suppose -5*s + b = -56. Calculate the greatest common divisor of 10 and s.
10
Let z be (-2 - 2 - -7) + 29. Calculate the greatest common divisor of 4 and z.
4
Suppose -2*n + 15 = -165. Calculate the greatest common factor of n and 60.
30
Let b = -64 - -169. Suppose -l - 2*l = -b. Suppose 4*p - 16 = -2*v + 4, -4*v - 2 = 2*p. What is the greatest common factor of p and l?
7
Suppose 27 = 5*d + 2*p - 107, -4*d + 96 = -4*p. Suppose -4*y = 5*x - 45, -2*y - 15 = y. Calculate the greatest common divisor of x and d.
13
Suppose -136 = -4*z + w, -5*z - w = -102 - 77. What is the greatest common divisor of 28 and z?
7
Let x(a) = 3*a**2. Let i(k) = k + 2. Let h be i(-1). Let m be x(h). Suppose -6*f + m*f + 126 = 0. Calculate the highest common factor of 14 and f.
14
Let d be (0 - 0) + (-18 - -21). Suppose -6 - 4 = 2*q. Let z = q + 11. What is the greatest common factor of d and z?
3
Let u(a) = -53*a**3 + a**2 - a - 1. Let g = -2 - -1. Let j be u(g). Calculate the highest common divisor of j and 6.
6
Let q = -1 - -1. Let h be 2*3*1 - q. Let l = 42 + -30. Calculate the highest common factor of h and l.
6
Let a = 24 - 4. Suppose 0 = 4*x - 16 - a. What is the greatest common divisor of 9 and x?
9
Suppose 2*o - 137 = -67. Calculate the highest common divisor of 140 and o.
35
Suppose -4*x - 220 = -4*z, x + x - 196 = -4*z. Calculate the greatest common divisor of 3 and z.
3
Let t(b) = -42*b**3 - 2*b**2 - 3*b - 2. Let r be t(-1). What is the greatest common divisor of 369 and r?
41
Let t(o) = o**2 + 3*o - 5. Let l be t(7). Calculate the greatest common divisor of 13 and l.
13
Suppose 0 = -0*y + 3*y - 117. Calculate the greatest common factor of y and 26.
13
Suppose -2*b = 6, -2*w - 2*b + 7*b + 91 = 0. What is the greatest common factor of 304 and w?
38
Let s(c) = c**2 - 3*c + 2. Let w be s(-3). Let a = 4 + -4. Let v = 5 + a. What is the greatest common factor of v and w?
5
Let y be 803/77 + 3/(-7). What is the greatest common factor of y and 110?
10
Let i be 0 + 128/9 + (-88)/396. Calculate the greatest common divisor of i and 70.
14
Let w = -8 - -21. Let p = w - -5. Suppose -3*y - 6 = 5*t, -4*y + 6 + 3 = t. What is the highest common factor of p and y?
3
Suppose -3*r - 3*q + 79 = -14, 0 = 3*r - 5*q - 61. Let m(z) = -14*z + 34. Let t be m(-13). What is the highest common factor of r and t?
27
Let k(s) = -s**2 + 5*s - 6. Let g be k(4). Let t be (-27)/(-12)*(-8)/g. What is the highest common factor of t and 63?
9
Suppose 0 = -4*l - 0*l + 20. Suppose -70 = -l*j + 20. Calculate the highest common factor of j and 9.
9
Let g = -14 - -20. Let m be 44/g*(-75)/(-10). Calculate the highest common divisor of m and 5.
5
Let m(q) = q**2 - 16*q - 30. Let k be m(18). What is the highest common factor of 24 and k?
6
Let p(y) = -y - 1. Let x(z) = -8*z + 4. Let u(c) = 6*p(c) - x(c). Let q be u(11). What is the greatest common factor of q and 36?
12
Suppose -2*i + 2 + 6 = 0. Suppose -i - 104 = -b. Calculate the greatest common divisor of b and 12.
12
Let a(l) = l + 9. Let k be a(-4). Suppose 4*g + b = 29 - 4, -b = -5. Suppose -f + 12 = g*w, 2*f - 22 + 8 = -5*w. Calculate the highest common factor of f and k.
1
Let v be 130/14 + (-38)/133. What is the highest common factor of 9 and v?
9
Let i(d) = -d - d**2 + 0*d + 3*d + 4. Let q be i(3). Let o be 18/4 + q/2. What is the highest common factor of o and 15?
5
Let o = 25 - -7. Calculate the highest common factor of o and 24.
8
Suppose 3*s = 5*h - 38, 4*h - 30 = -h - 5*s. Calculate the greatest common factor of 77 and h.
7
Let j = 8 - 3. Suppose -x = -5*x - w, -17 = 3*x + j*w. What is the highest common divisor of 3 and x?
1
Let s be 250 + -1 + 36/12. What is the highest common divisor of s and 28?
28
Suppose -4*q = 5*n, -3*n - 3 = 3*q - 0*n. Let c be 1/q + (-176)/(-5). What is the highest common factor of 14 and c?
7
Suppose 2*y + 1 = -u + 4, -4*u - 4*y = -12. Suppose 5*g = -20, -u*t - 2*g = t. Calculate the highest common divisor of t and 22.
2
Let h = -35 - -71. What is the highest common divisor of h and 9?
9
Let a(c) = 23*c - 2 - 21*c + 2. Suppose 0 = -2*x - 3*x + 30. Let i be a(x). What is the highest common divisor of 12 and i?
12
Suppose 2*h - 6*h + 220 = 0. Calculate the highest common divisor of h and 22.
11
Suppose -4*o = 4*f - 7*o - 12, 3*f - 9 = -5*o. Let m be 116/f - (-2)/(-3). What is the greatest common factor of 57 and m?
19
Let b = 57 + -47. What is the greatest common divisor of b and 2?
2
Suppose -4*f + 22 = 6. Let z be f/22 - 1974/(-154). Calculate the highest common divisor of 104 and z.
13
Let i = -36 + 60. What is the highest common factor of i and 192?
24
Suppose 3*y - 4*y - 4 = 4*j, 4*j - 3*y = 12. Let h be (-6)/(-10)*(5 + j). Suppose 4*t = 12, 3*f - 2*t - 21 = -0. What is the greatest common divisor of f and h?
3
Let n(v) = -8*v**2 - 4*v + 3. Let k be n(2). Let b = -20 - k. What is the highest common divisor of 51 and b?
17
Suppose -3*o - 8 = -74. Calculate the highest common factor of o and 2.
2
Let n = 1 + -33. Let j be ((-5)/4)/(1/n). What is the greatest common factor of j and 60?
20
Suppose -y + 45 = 12. Let x = y + 67. Let z = x - 68. What is the greatest common factor of 4 and z?
4
Suppose -17 = -x + 4*j - 0*j, -4*j = -5*x + 21. Suppose -5*h + 25 = -q, -4*h + 2 + 10 = 0. Let r = -7 - q. Calculate the greatest common divisor of r and x.
1
Let m = -23 - -43. Suppose -2*o - 4*n = -30 + 8, 0 = 5*o + 3*n - m. Let v be 1*(o + 0) + 3. Calculate the greatest common factor of 28 and v.
4
Let g be 4/(-10) - (-780)/(-50). Let m = -6 - g. What is the highest common divisor of 5 and m?
5
Suppose 0 = -7*r + 9*r - 112. Let g be (-34)/4*(-1 - 1). Suppose 4*m = 15 + g. What is the greatest common divisor of r and m?
8
Suppose -3*n + 230 = 26. Suppose -2*i + n = 5*h, -i + 0*i + 5*h = -4. Calculate the greatest common divisor of 12 and i.
12
Let h = -14 + 16. Calculate the greatest common factor of 2 and h.
2
Let b = -7 - -2. Let x be 4/6 - b/(-3). Let m = x - -4. Calculate the greatest common factor of m and 6.
3
Let y = 2 + 6. Let d be -2 - y/4 - -9. What is the highest common factor of d and 10?
5
Let l = -59 - -41. Let g = 29 + l. Suppose -1 = -o, 0 = -5*u - o + 5*o + g. Calculate the greatest common divisor of u and 3.
3
Let c = -116 - -121. What is the highest common factor of c and 15?
5
Let o be -3*(-52)/24 + 2/4. Calculate the greatest common divisor of 77 and o.
7
Let t = -112 - -224. Let g be 32/6*(3 + 0). What is the highest common factor of g and t?
16
Suppose 3*b - 4*b - 1 = -3*p, -b - 3*p + 17 = 0. What is the greatest common divisor of 16 and b?
8
Let h(s) = -29*s**2 + 2*s + 1. Let l be h(-1). Let o = 0 - l. What is the greatest common divisor of 45 and o?
15
Suppose 7 = 9*l - 119. Suppose 93 + 213 = 2*j. Suppose 4*p - 295 = j. Calculate the highest common divisor of p and l.
14
Suppose -2*w + 5*z = -19, 0 = 4*w + z - 1 - 4. Calculate the greatest common factor of w and 2.
2
Let x be 13024/36 + 6/27. Let a = 522 - x. Calculate the highest common factor of a and 20.
20
Let j(h) = h**2 + 10*h + 6. Let r be j(-12). Let u be (1056/r)/(2/10). Let o be (4/(-3))/((-2)/24). Calculate the highest common factor of u and o.
16
Let c(y) = 3*y**2 + 7*y - 8. Let m be c(3). Calculate the greatest common divisor of 30 and m.
10
Let a(y) = 3*y**2 - 6*y - 3. Let l be a(4). Calculate the highest common factor of l and 6.
3
Suppose 2*s - 3*s + m - 7 = 0, -4*s = m + 8. Let d be (-20)/s - (-8)/(-12). Calculate the greatest common divisor of 66 and d.
6
Let x = 12 + 3. Calculate the greatest common factor of 15 and x.
15
Let k = -22 - -48. Suppose 31 + 229 = 4*i. Calculate the greatest common factor of k and i.
13
Let m(z) = 5*z**2 - 2*z - 1. Let l be m(2). Let k 